-7*l + 2*w = -3*l + 18. Let j(r) = l*d(r) - 4*y(r). Calculate j(7).
2
Let h = -290 - -291. Let b(x) = -3*x - 8. Let g(k) = 3. Let l(f) = h*b(f) + 2*g(f). Determine l(1).
-5
Let z(v) = 2*v**2 - 16*v + 3. Let x(i) be the third derivative of i**5/60 - i**4/3 + i**3/6 + 11*i**2. Let k(l) = -7*x(l) + 4*z(l). Calculate k(9).
14
Let p(s) = -3*s - 26. Let w = -3609 - -3597. Give p(w).
10
Let x be (0/30)/(-2 - -2 - -1). Suppose -5*h = x, -h - 64 = 4*s + h. Let d(z) = z + 9. Give d(s).
-7
Let i(l) = l**2 + 26*l + 146. Let n be i(-8). Let p(v) = -6*v - 6*v - 5 + 5. Calculate p(n).
-24
Let r(d) be the first derivative of -d**3/3 - 15*d**2/2 - 32*d - 2295. Determine r(-8).
24
Let o(i) = i - 1. Let r(u) = u**2 - 4*u + 5. Let x(w) = 5*o(w) + r(w). Let z be x(1). Let t(d) = -12*d**z - 3*d + 1 - 13*d**2 + 24*d**2. Give t(-3).
1
Let h(n) = -14*n - 1. Suppose -d = 2*c - 11, 0 = 4*c - 2*d + 10 - 12. Suppose -u - u = -q + 5, 0 = -3*q - c*u - 12. What is h(q)?
13
Let u(r) be the first derivative of r**2/2 - 2*r - 1. Let w(i) = -41*i**2 - 21*i - 22. Let p be w(-1). Let l be 12*(p/(-9) + -4). Calculate u(l).
6
Let d be (-3)/((-6)/(-20)) + 1. Let v(r) = -429*r + r**3 + 9*r**2 + 1376*r - 427*r - 6 - 524*r. Give v(d).
30
Let f(m) = -m**3 - 5*m**2 + 4*m - 8. Let y(h) = h**3 + 4*h**2 - 2*h + 7. Let b(a) = -4*f(a) - 3*y(a). Determine b(-9).
20
Suppose -1708 - 1086 = -461*q - 28. Let u(l) = -17*l + 95. What is u(q)?
-7
Let a be (-4*(-15)/(-25))/((-4)/30). Suppose -2*i + 4*f - 26 = 0, 4*i + a = 4*f - 18. Let r(h) = -h - 11. Determine r(i).
-6
Suppose 0 = 5*d - 14 - 36. Let k(g) be the second derivative of g**3/6 - 11*g**2/2 + 2*g - 39. Calculate k(d).
-1
Let a = -151 + 153. Let m(r) = -r + 87 + r - 84 - 5*r - r**a. What is m(-5)?
3
Let u(c) = -8*c**2 + 7082 - 4*c - 3536 - 3545. Determine u(1).
-11
Let i(w) = 2*w + 4*w**2 + 6*w**2 - w - 4*w**2 - 7 - w**3. Let j be 2/4*-2*(-23 + 14). Suppose -10*n + 51 + j = 0. Determine i(n).
-1
Let u(o) = -4*o**2 - 2*o**2 + o**3 + 5 - 2*o**3. Suppose b + 501 - 9 = -81*b. Determine u(b).
5
Suppose 0 = -0*f - 2*f - 24. Let l(u) = 27*u**2 - 15*u**2 - 389 + 379 + u**3 - 2*u. Calculate l(f).
14
Let k(m) = 7*m**2 + 14*m - 1. Let s(y) = 6*y - 119. Let v be s(19). Let i(g) = -g**2 - 3*g - 1. Let j(t) = v*i(t) - k(t). Determine j(3).
-9
Suppose d - 14 = -4*u - 6, -5 = -d - u. Let p(i) = 3 + 3*i**3 + d*i**2 + 76*i - 80*i - 6*i**3 + 2*i**3. Calculate p(4).
-13
Let y(d) = d**2 - 6*d - 1. Let x be y(7). Let z(v) = v**3 - 3*v**2 - 13*v + 7. What is z(x)?
37
Let n(f) = f**3 + 10*f**2 + 7*f + 2. Let m(r) = 2*r**3 + 19*r**2 + 14*r + 3. Let u(t) = -3*m(t) + 5*n(t). Let q be -8 + 4*((-20)/8)/(-5). Determine u(q).
7
Let c be ((-18)/(-15))/(-23 + (-1938)/(-85)). Let v(f) = f**3 + 3*f**2 - 11*f + 35. Give v(c).
-7
Let u = -17 - -35. Suppose -n = -15 + u. Let b(p) = p + p**2 + 0 - 1 - 2. Calculate b(n).
3
Suppose -569 + 29 = 36*h. Let x(f) = f**3 + 14*f**2 - 16*f. What is x(h)?
15
Let c(m) = -4 + 413216*m**3 - 413215*m**3 + 1 - 3*m + 7*m**2 - 3. What is c(-7)?
15
Let y(j) = -2*j - 2*j - 8 - 2*j + 8*j. Let x be 5/(-7) + 1 + (-10797)/(-1239). Suppose x = 2*q - o, -2*o = q + 2*o - 18. Determine y(q).
4
Let n(l) = 3*l - 216. Let k(u) = 5*u - 220. Let r(a) = -8*k(a) + 9*n(a). Give r(-14).
-2
Let f(q) = -q**3 - 10*q**2 - 3*q + 9. Let w(j) = -315*j - 322. Let i be w(-1). Calculate f(i).
-117
Let x be 6/8*((-1)/(-3))/((-13)/(-26)). Let n(t) be the first derivative of 10 + 4*t - x*t**2. Calculate n(7).
-3
Let c(z) be the second derivative of -1/2*z**2 + 18*z + 2 + 2/3*z**3. What is c(-3)?
-13
Let n(a) = 34*a - 18. Let w(g) = g**3 - 20*g**2 - 263*g + 61. Let b be w(29). Determine n(b).
84
Let k(i) = i**3 + 9*i**2 - 7*i + 12. Let o = 171 + -181. Determine k(o).
-18
Suppose -5*m + 23 - 8 = 0. Let j(y) be the third derivative of y**5/60 - y**4/4 + 2*y**3/3 + 188303*y**2. Calculate j(m).
-5
Let l(g) = -1848*g**2 - 4 + 1844*g**2 - 2*g**3 - 11*g + 3*g**3. What is l(6)?
2
Let k(m) be the first derivative of -5*m**4/4 + m**3/3 - m**2/2 - m - 2. Let s be (-191)/1146 + (-12)/(-72)*5/(-1). Give k(s).
6
Let c(t) = t**3 + 19*t**2 + 2*t + 32. Let i be c(-19). Let z(f) = -f + 12. Let p(y) = -y + 10. Let s(l) = 7*p(l) - 6*z(l). Give s(i).
4
Suppose -3*c - 14 = 5*u - 67, -u + 15 = c. Let n(d) = d**2 - 3*d + 6*d**2 - 2*d**2 + 2*d - 4*d**2 - c. Calculate n(0).
-11
Let p(x) = -14*x**3 + 2*x**2 - 2*x + 1. Suppose 169 = 6*r + 163. Suppose t - 5 = -4*c, t = 2*c - 2*t + r. Give p(c).
-13
Let h(n) = 57*n**2 - 4*n - 4. Suppose -5*v + 962*p - 7 = 964*p, 0 = -4*v + 4*p. Give h(v).
57
Let x(y) = -680*y - 81. Let b(v) = 207*v + 26. Let u(c) = 13*b(c) + 4*x(c). Determine u(7).
-189
Let a(x) = -3 + 5 + x**3 - 3*x + 3*x**2 + 1. Suppose 2*n = -4 + 10. Suppose -7 = o - 0*o - n*g, 0 = 4*g - 4. Calculate a(o).
-1
Let b(l) = -3*l - 30. Let c(w) = -7*w - 190. Let a be c(-26). What is b(a)?
-6
Suppose -4*s + 3*g + 93 = 0, 13*s - 8*s + 5*g - 125 = 0. Let h(b) = -46*b + s*b + 23*b - 13. Calculate h(11).
-2
Let f be 7/(21/24) - -1. Let z be (-15)/f + (-16)/(-24). Let u(o) = o**2. Let h(r) = 8*r**2 - 1. Let g(c) = -h(c) - 6*u(c). Determine g(z).
-13
Let x be (870/(-3190))/((-3)/33). Let l(c) = -6*c**2 + c - 7. What is l(x)?
-58
Let c(m) = m**3 - 2*m**2 - 2*m. Let i = -1465 - -1462. What is c(i)?
-39
Let b(a) = a**3 + 3*a**2 - 6*a - 2. Suppose -1647 = 132*o - 135*o. Let w = 545 - o. Give b(w).
6
Let s(n) = -2*n**3 + n - 19. Suppose -2*h + 21 = 15. Let v(j) = -j**3 - 1. Let t(a) = h*v(a) - s(a). What is t(0)?
16
Let t(b) = -7*b - 7. Let z(i) = -36*i - 35. Let g(l) = -11*t(l) + 2*z(l). Let d = -19190 - -19187. Give g(d).
-8
Let g(y) = y - 91. Let x(a) = 17*a + 612. Let m be x(-36). Give g(m).
-91
Suppose 361*s - 321*s = 200. Let b(n) = 6*n - 4. Let x(a) = -4*a + 8 - 9*a + 2*a. Let c(g) = s*b(g) + 3*x(g). What is c(-4)?
16
Let y(z) = 2532*z - 1 - 2537*z - 318*z**3 - 5*z**2 + 317*z**3. Calculate y(-3).
-4
Let o(x) be the second derivative of -x**3/3 + 9*x**2/2 - 7*x. Let p be o(3). Let t(i) = -i**3 + 6*i**p + 12*i**3 - 3*i**3 - i. Give t(-1).
-13
Let a be 30/(-3) + (182 - -10)/16. Let f(i) = 1. Let w(p) = -2*p - 6. Let j(o) = -14*f(o) - 2*w(o). Give j(a).
6
Let g(k) = 4*k + 4. Suppose 0 = 5*n + o - 43, -2*n - 35 = -7*n - 5*o. Suppose -3*r - x = 23, 5*x - n = -r + 8*x. Give g(r).
-20
Suppose -11 = -7*y + 129. Let o be (y/(-15) + 1)*3. Let n(q) be the third derivative of -q**4/2 - q**3/6 + 2*q**2 + 5*q. Determine n(o).
11
Let h(j) be the third derivative of -j**5/40 + 7*j**4/24 + 2*j**3 - 42*j**2. Let g(m) be the first derivative of h(m). Calculate g(6).
-11
Let s(a) = 156 + 9*a + 32 + 12 + 62 + 52. Calculate s(-35).
-1
Let n(l) = l**2 - 12*l + 92. Let v(m) = -2*m - 45. Let w(r) = -n(r) - 3*v(r). Determine w(20).
3
Let o(n) be the third derivative of 36*n**2 + 0 + 0*n**3 - 1/60*n**5 + 0*n + 13/24*n**4. Give o(13).
0
Let d be 7 + 5 + -7 + -2. Let m(w) be the first derivative of -w**3/3 - w**2 + 6*w + 62. Determine m(d).
-9
Let p(l) = 7097 + 5*l + 7101 - 14240. Calculate p(8).
-2
Let v(c) = -1 + 0 + 7 - 5*c + 1. Suppose 39*h + 131*h = -13*h + 366. Determine v(h).
-3
Suppose 5*b - b - p - 16 = 0, -3*b - p + 19 = 0. Let x(m) = -m + 7*m - 24*m + b - m**3 + 5*m + 10*m**2. Give x(9).
-31
Let t(k) = 7*k + 80. Let u(j) = 14*j + 82. Let w(r) = -3*t(r) + 2*u(r). Give w(7).
-27
Let a(m) = 2*m**3 + 32*m**2 + 4*m + 64. Suppose 1262 - 62 = -75*q. What is a(q)?
0
Let s(u) = -3*u - 11. Let r(v) = 23*v + 262 + 20*v - 265 - 44*v. Let i(f) = -5*r(f) + 2*s(f). What is i(-2)?
-5
Let o(h) be the second derivative of -1/10*h**5 + 1/6*h**4 - 1/2*h**3 + 0*h**2 + 0 - 18*h. Give o(2).
-14
Let u(r) = r**2 - 30*r - 136. Let h be u(34). Let o(v) = -99*v + 53*v + h + 49*v + v**3 - 3 - 8*v**2. Determine o(7).
-31
Let z(y) be the first derivative of y**4/4 + 11*y**3/3 + y**2/2 + 13*y - 4. Let k = -751 + 740. What is z(k)?
2
Let x be 14/3*(-51)/(-34). Let b(o) = o**2 - 4*o - 18. Let f be b(x). Let q(c) = c**3 + 11 + c**2 - 9*c - 8*c**2 + 0*c**f. Determine q(8).
3
Let s(z) = -z**2 + 2*z + 1. Suppose -4*l + 132 = 5*h, -2*l - 2*l + 108 = 4*h. Let w = h - 25. Let o be (16*w)/4 - (5 - 8). Give s(o).
-2
Let c be ((-1)/1)/(1/61). Let y(x) = 4*x**2 + 144*x - 247. Let l be y(-38). Let q = c + l. Let n(w) = w + 2. Give n(q).
-2
Suppose -21 = -x - 4*g - 3, -5*g = 